[INFO] cloning repository https://github.com/johnSerrano/github-analytics
[INFO] running `Command { std: "git" "-c" "credential.helper=" "-c" "credential.helper=/workspace/cargo-home/bin/git-credential-null" "clone" "--bare" "https://github.com/johnSerrano/github-analytics" "/workspace/cache/git-repos/https%3A%2F%2Fgithub.com%2FjohnSerrano%2Fgithub-analytics", kill_on_drop: false }`
[INFO] [stderr] Cloning into bare repository '/workspace/cache/git-repos/https%3A%2F%2Fgithub.com%2FjohnSerrano%2Fgithub-analytics'...
[INFO] running `Command { std: "git" "rev-parse" "HEAD", kill_on_drop: false }`
[INFO] [stdout] 7e714cb5b65aa5fdb01ce6fdedf5d21f1a4d4299
[INFO] checking johnSerrano/github-analytics against try#72f88fc4e9458f89516a0b8b0868f3718aec5b47 for pr-74989
[INFO] running `Command { std: "git" "clone" "/workspace/cache/git-repos/https%3A%2F%2Fgithub.com%2FjohnSerrano%2Fgithub-analytics" "/workspace/builds/worker-8/source", kill_on_drop: false }`
[INFO] [stderr] Cloning into '/workspace/builds/worker-8/source'...
[INFO] [stderr] done.
[INFO] validating manifest of git repo https://github.com/johnSerrano/github-analytics on toolchain 72f88fc4e9458f89516a0b8b0868f3718aec5b47
[INFO] running `Command { std: "/workspace/cargo-home/bin/cargo" "+72f88fc4e9458f89516a0b8b0868f3718aec5b47" "read-manifest" "--manifest-path" "Cargo.toml", kill_on_drop: false }`
[INFO] started tweaking git repo https://github.com/johnSerrano/github-analytics
[INFO] finished tweaking git repo https://github.com/johnSerrano/github-analytics
[INFO] tweaked toml for git repo https://github.com/johnSerrano/github-analytics written to /workspace/builds/worker-8/source/Cargo.toml
[INFO] crate git repo https://github.com/johnSerrano/github-analytics already has a lockfile, it will not be regenerated
[INFO] running `Command { std: "/workspace/cargo-home/bin/cargo" "+72f88fc4e9458f89516a0b8b0868f3718aec5b47" "fetch" "--locked" "--manifest-path" "Cargo.toml", kill_on_drop: false }`
[INFO] [stderr] error: the lock file /workspace/builds/worker-8/source/Cargo.lock needs to be updated but --locked was passed to prevent this
[INFO] [stderr] If you want to try to generate the lock file without accessing the network, use the --offline flag.
[INFO] the lockfile is outdated, regenerating it
[INFO] running `Command { std: "/workspace/cargo-home/bin/cargo" "+72f88fc4e9458f89516a0b8b0868f3718aec5b47" "generate-lockfile" "--manifest-path" "Cargo.toml" "-Zno-index-update", kill_on_drop: false }`
[INFO] running `Command { std: "/workspace/cargo-home/bin/cargo" "+72f88fc4e9458f89516a0b8b0868f3718aec5b47" "fetch" "--locked" "--manifest-path" "Cargo.toml", kill_on_drop: false }`
[INFO] running `Command { std: "docker" "create" "-v" "/var/lib/crater-agent-workspace/builds/worker-8/target:/opt/rustwide/target:rw,Z" "-v" "/var/lib/crater-agent-workspace/builds/worker-8/source:/opt/rustwide/workdir:ro,Z" "-v" "/var/lib/crater-agent-workspace/cargo-home:/opt/rustwide/cargo-home:ro,Z" "-v" "/var/lib/crater-agent-workspace/rustup-home:/opt/rustwide/rustup-home:ro,Z" "-e" "SOURCE_DIR=/opt/rustwide/workdir" "-e" "CARGO_TARGET_DIR=/opt/rustwide/target" "-e" "CARGO_HOME=/opt/rustwide/cargo-home" "-e" "RUSTUP_HOME=/opt/rustwide/rustup-home" "-w" "/opt/rustwide/workdir" "-m" "1610612736" "--user" "0:0" "--network" "none" "rustops/crates-build-env@sha256:d92eaeed33fa75130ca1ee6c8a01d1ffb62bac859dfdfb3450e3e5d1c0146529" "/opt/rustwide/cargo-home/bin/cargo" "+72f88fc4e9458f89516a0b8b0868f3718aec5b47" "metadata" "--no-deps" "--format-version=1", kill_on_drop: false }`
[INFO] [stderr] WARNING: Your kernel does not support swap limit capabilities or the cgroup is not mounted. Memory limited without swap.
[INFO] [stdout] 9381f8f31b16dc4188ffef3fcf41a57b2c50db7ba3d3d70563dcbd80a0a8db81
[INFO] running `Command { std: "docker" "start" "-a" "9381f8f31b16dc4188ffef3fcf41a57b2c50db7ba3d3d70563dcbd80a0a8db81", kill_on_drop: false }`
[INFO] running `Command { std: "docker" "inspect" "9381f8f31b16dc4188ffef3fcf41a57b2c50db7ba3d3d70563dcbd80a0a8db81", kill_on_drop: false }`
[INFO] running `Command { std: "docker" "rm" "-f" "9381f8f31b16dc4188ffef3fcf41a57b2c50db7ba3d3d70563dcbd80a0a8db81", kill_on_drop: false }`
[INFO] [stdout] 9381f8f31b16dc4188ffef3fcf41a57b2c50db7ba3d3d70563dcbd80a0a8db81
[INFO] running `Command { std: "docker" "create" "-v" "/var/lib/crater-agent-workspace/builds/worker-8/target:/opt/rustwide/target:rw,Z" "-v" "/var/lib/crater-agent-workspace/builds/worker-8/source:/opt/rustwide/workdir:ro,Z" "-v" "/var/lib/crater-agent-workspace/cargo-home:/opt/rustwide/cargo-home:ro,Z" "-v" "/var/lib/crater-agent-workspace/rustup-home:/opt/rustwide/rustup-home:ro,Z" "-e" "SOURCE_DIR=/opt/rustwide/workdir" "-e" "CARGO_TARGET_DIR=/opt/rustwide/target" "-e" "CARGO_INCREMENTAL=0" "-e" "RUST_BACKTRACE=full" "-e" "RUSTFLAGS=--cap-lints=forbid" "-e" "CARGO_HOME=/opt/rustwide/cargo-home" "-e" "RUSTUP_HOME=/opt/rustwide/rustup-home" "-w" "/opt/rustwide/workdir" "-m" "1610612736" "--user" "0:0" "--network" "none" "rustops/crates-build-env@sha256:d92eaeed33fa75130ca1ee6c8a01d1ffb62bac859dfdfb3450e3e5d1c0146529" "/opt/rustwide/cargo-home/bin/cargo" "+72f88fc4e9458f89516a0b8b0868f3718aec5b47" "check" "--frozen" "--all" "--all-targets" "--message-format=json", kill_on_drop: false }`
[INFO] [stdout] d327f8a78be123c252cbdbfe8ffd0aa172d8a11846632fffcc34ff99dc942fef
[INFO] [stderr] WARNING: Your kernel does not support swap limit capabilities or the cgroup is not mounted. Memory limited without swap.
[INFO] running `Command { std: "docker" "start" "-a" "d327f8a78be123c252cbdbfe8ffd0aa172d8a11846632fffcc34ff99dc942fef", kill_on_drop: false }`
[INFO] [stderr]     Blocking waiting for file lock on package cache
[INFO] [stderr]    Compiling libc v0.2.77
[INFO] [stderr]     Checking cfg-if v0.1.10
[INFO] [stderr]    Compiling log v0.4.11
[INFO] [stderr]    Compiling proc-macro2 v1.0.21
[INFO] [stderr]    Compiling unicode-xid v0.2.1
[INFO] [stderr]    Compiling syn v1.0.41
[INFO] [stderr]     Checking fnv v1.0.7
[INFO] [stderr]    Compiling memchr v2.3.3
[INFO] [stderr]     Checking futures-core v0.3.5
[INFO] [stderr]     Checking lazy_static v1.4.0
[INFO] [stderr]    Compiling pin-project-internal v0.4.23
[INFO] [stderr]    Compiling autocfg v1.0.1
[INFO] [stderr]     Checking slab v0.4.2
[INFO] [stderr]     Checking pin-project-lite v0.1.7
[INFO] [stderr]     Checking itoa v0.4.6
[INFO] [stderr]     Checking futures-task v0.3.5
[INFO] [stderr]     Checking futures-sink v0.3.5
[INFO] [stderr]     Checking pin-utils v0.1.0
[INFO] [stderr]     Checking try-lock v0.2.3
[INFO] [stderr]     Checking tracing-core v0.1.16
[INFO] [stderr]     Checking futures-channel v0.3.5
[INFO] [stderr]     Checking http v0.2.1
[INFO] [stderr]    Compiling indexmap v1.6.0
[INFO] [stderr]     Checking want v0.3.0
[INFO] [stderr]     Checking tracing v0.1.19
[INFO] [stderr]    Compiling quote v1.0.7
[INFO] [stderr]     Checking net2 v0.2.35
[INFO] [stderr]     Checking iovec v0.1.4
[INFO] [stderr]     Checking socket2 v0.3.15
[INFO] [stderr]     Checking time v0.1.44
[INFO] [stderr]     Checking mio v0.6.22
[INFO] [stderr]     Checking tokio v0.2.22
[INFO] [stderr]     Checking http-body v0.3.1
[INFO] [stderr]     Checking tokio-util v0.3.1
[INFO] [stderr]     Checking pin-project v0.4.23
[INFO] [stderr]     Checking futures-util v0.3.5
[INFO] [stderr]     Checking h2 v0.2.6
[INFO] [stderr]     Checking hyper v0.13.7
[INFO] [stderr]     Checking github_analytics v0.1.0 (/opt/rustwide/workdir)
[INFO] [stdout] error[E0432]: unresolved import `hyper::Url`
[INFO] [stdout]  --> src/parsers.rs:7:21
[INFO] [stdout]   |
[INFO] [stdout] 7 | use hyper::{Client, Url};
[INFO] [stdout]   |                     ^^^
[INFO] [stdout]   |                     |
[INFO] [stdout]   |                     no `Url` in the root
[INFO] [stdout]   |                     help: a similar name exists in the module: `Uri`
[INFO] [stdout] 
[INFO] [stdout] 
[INFO] [stdout] error[E0432]: unresolved import `hyper::header::UserAgent`
[INFO] [stdout]  --> src/parsers.rs:8:5
[INFO] [stdout]   |
[INFO] [stdout] 8 | use hyper::header::UserAgent;
[INFO] [stdout]   |     ^^^^^^^^^^^^^^^^^^^^^^^^ no `UserAgent` in `header`
[INFO] [stdout] 
[INFO] [stdout] 
[INFO] [stdout] error: cannot find macro `header` in this scope
[INFO] [stdout]   --> src/parsers.rs:13:1
[INFO] [stdout]    |
[INFO] [stdout] 13 | header! { (Authorization, "Authorization") => [String] }
[INFO] [stdout]    | ^^^^^^
[INFO] [stdout] 
[INFO] [stdout] 
[INFO] [stdout] error[E0432]: unresolved import `hyper::Url`
[INFO] [stdout]  --> src/parsers.rs:7:21
[INFO] [stdout]   |
[INFO] [stdout] 7 | use hyper::{Client, Url};
[INFO] [stdout]   |                     ^^^
[INFO] [stdout]   |                     |
[INFO] [stdout]   |                     no `Url` in the root
[INFO] [stdout]   |                     help: a similar name exists in the module: `Uri`
[INFO] [stdout] 
[INFO] [stdout] 
[INFO] [stdout] error[E0432]: unresolved import `hyper::header::UserAgent`
[INFO] [stdout]  --> src/parsers.rs:8:5
[INFO] [stdout]   |
[INFO] [stdout] 8 | use hyper::header::UserAgent;
[INFO] [stdout]   |     ^^^^^^^^^^^^^^^^^^^^^^^^ no `UserAgent` in `header`
[INFO] [stdout] 
[INFO] [stdout] 
[INFO] [stdout] error: cannot find macro `header` in this scope
[INFO] [stdout]   --> src/parsers.rs:13:1
[INFO] [stdout]    |
[INFO] [stdout] 13 | header! { (Authorization, "Authorization") => [String] }
[INFO] [stdout]    | ^^^^^^
[INFO] [stdout] 
[INFO] [stdout] 
[INFO] [stdout] error[E0425]: cannot find function, tuple struct or tuple variant `Authorization` in this scope
[INFO] [stdout]   --> src/parsers.rs:21:34
[INFO] [stdout]    |
[INFO] [stdout] 21 |                          .header(Authorization("token f4f6caa6a3e5f5da491e42d6ee14708f325ad655"
[INFO] [stdout]    |                                  ^^^^^^^^^^^^^ not found in this scope
[INFO] [stdout] 
[INFO] [stdout] 
[INFO] [stdout] error[E0425]: cannot find function, tuple struct or tuple variant `Authorization` in this scope
[INFO] [stdout]    --> src/parsers.rs:130:38
[INFO] [stdout]     |
[INFO] [stdout] 130 | ...                   .header(Authorization("token f4f6caa6a3e5f5da491e42d6ee14708f325ad655"
[INFO] [stdout]     |                               ^^^^^^^^^^^^^ not found in this scope
[INFO] [stdout] 
[INFO] [stdout] 
[INFO] [stdout] error[E0425]: cannot find function, tuple struct or tuple variant `Authorization` in this scope
[INFO] [stdout]    --> src/parsers.rs:155:34
[INFO] [stdout]     |
[INFO] [stdout] 155 |                          .header(Authorization("token f4f6caa6a3e5f5da491e42d6ee14708f325ad655"
[INFO] [stdout]     |                                  ^^^^^^^^^^^^^ not found in this scope
[INFO] [stdout] 
[INFO] [stdout] 
[INFO] [stdout] warning: unused `#[macro_use]` import
[INFO] [stdout]  --> src/main.rs:1:1
[INFO] [stdout]   |
[INFO] [stdout] 1 | #[macro_use]
[INFO] [stdout]   | ^^^^^^^^^^^^
[INFO] [stdout]   |
[INFO] [stdout]   = note: `#[warn(unused_imports)]` on by default
[INFO] [stdout] 
[INFO] [stdout] 
[INFO] [stdout] warning: unnecessary trailing semicolon
[INFO] [stdout]   --> src/parsers.rs:28:13
[INFO] [stdout]    |
[INFO] [stdout] 28 |             ;
[INFO] [stdout]    |             ^ help: remove this semicolon
[INFO] [stdout]    |
[INFO] [stdout]    = note: `#[warn(redundant_semicolons)]` on by default
[INFO] [stdout] 
[INFO] [stdout] 
[INFO] [stdout] warning: unnecessary trailing semicolon
[INFO] [stdout]    --> src/parsers.rs:137:13
[INFO] [stdout]     |
[INFO] [stdout] 137 |             ;
[INFO] [stdout]     |             ^ help: remove this semicolon
[INFO] [stdout] 
[INFO] [stdout] 
[INFO] [stdout] warning: unnecessary trailing semicolon
[INFO] [stdout]    --> src/parsers.rs:162:13
[INFO] [stdout]     |
[INFO] [stdout] 162 |             ;
[INFO] [stdout]     |             ^ help: remove this semicolon
[INFO] [stdout] 
[INFO] [stdout] 
[INFO] [stdout] error[E0425]: cannot find function, tuple struct or tuple variant `Authorization` in this scope
[INFO] [stdout]   --> src/parsers.rs:21:34
[INFO] [stdout]    |
[INFO] [stdout] 21 |                          .header(Authorization("token f4f6caa6a3e5f5da491e42d6ee14708f325ad655"
[INFO] [stdout]    |                                  ^^^^^^^^^^^^^ not found in this scope
[INFO] [stdout] 
[INFO] [stdout] 
[INFO] [stdout] error[E0425]: cannot find function, tuple struct or tuple variant `Authorization` in this scope
[INFO] [stdout]    --> src/parsers.rs:130:38
[INFO] [stdout]     |
[INFO] [stdout] 130 | ...                   .header(Authorization("token f4f6caa6a3e5f5da491e42d6ee14708f325ad655"
[INFO] [stdout]     |                               ^^^^^^^^^^^^^ not found in this scope
[INFO] [stdout] 
[INFO] [stdout] 
[INFO] [stdout] error[E0425]: cannot find function, tuple struct or tuple variant `Authorization` in this scope
[INFO] [stdout]    --> src/parsers.rs:155:34
[INFO] [stdout]     |
[INFO] [stdout] 155 |                          .header(Authorization("token f4f6caa6a3e5f5da491e42d6ee14708f325ad655"
[INFO] [stdout]     |                                  ^^^^^^^^^^^^^ not found in this scope
[INFO] [stdout] 
[INFO] [stdout] 
[INFO] [stdout] warning: unused `#[macro_use]` import
[INFO] [stdout]  --> src/main.rs:1:1
[INFO] [stdout]   |
[INFO] [stdout] 1 | #[macro_use]
[INFO] [stdout]   | ^^^^^^^^^^^^
[INFO] [stdout]   |
[INFO] [stdout]   = note: `#[warn(unused_imports)]` on by default
[INFO] [stdout] 
[INFO] [stdout] 
[INFO] [stdout] warning: unnecessary trailing semicolon
[INFO] [stdout]   --> src/parsers.rs:28:13
[INFO] [stdout]    |
[INFO] [stdout] 28 |             ;
[INFO] [stdout]    |             ^ help: remove this semicolon
[INFO] [stdout]    |
[INFO] [stdout]    = note: `#[warn(redundant_semicolons)]` on by default
[INFO] [stdout] 
[INFO] [stdout] 
[INFO] [stdout] warning: unnecessary trailing semicolon
[INFO] [stdout]    --> src/parsers.rs:137:13
[INFO] [stdout]     |
[INFO] [stdout] 137 |             ;
[INFO] [stdout]     |             ^ help: remove this semicolon
[INFO] [stdout] 
[INFO] [stdout] 
[INFO] [stdout] warning: unnecessary trailing semicolon
[INFO] [stdout]    --> src/parsers.rs:162:13
[INFO] [stdout]     |
[INFO] [stdout] 162 |             ;
[INFO] [stdout]     |             ^ help: remove this semicolon
[INFO] [stdout] 
[INFO] [stdout] 
[INFO] [stdout] error[E0308]: mismatched types
[INFO] [stdout]   --> src/parsers.rs:19:31
[INFO] [stdout]    |
[INFO] [stdout] 19 |     let mut resp = client.get(languages_url.as_str())
[INFO] [stdout]    |                               ^^^^^^^^^^^^^^^^^^^^^^ expected struct `Uri`, found `&str`
[INFO] [stdout] 
[INFO] [stdout] 
[INFO] [stdout] error[E0599]: no method named `header` found for struct `hyper::client::ResponseFuture` in the current scope
[INFO] [stdout]   --> src/parsers.rs:20:27
[INFO] [stdout]    |
[INFO] [stdout] 20 |                          .header(UserAgent("rust-hyper".to_string()))
[INFO] [stdout]    |                           ^^^^^^ method not found in `hyper::client::ResponseFuture`
[INFO] [stdout] 
[INFO] [stdout] 
[INFO] [stdout] error[E0599]: no method named `header` found for struct `hyper::client::ResponseFuture` in the current scope
[INFO] [stdout]    --> src/parsers.rs:129:31
[INFO] [stdout]     |
[INFO] [stdout] 129 | ...                   .header(UserAgent("rust-hyper".to_string()))
[INFO] [stdout]     |                        ^^^^^^ method not found in `hyper::client::ResponseFuture`
[INFO] [stdout] 
[INFO] [stdout] 
[INFO] [stdout] error[E0308]: mismatched types
[INFO] [stdout]    --> src/parsers.rs:153:31
[INFO] [stdout]     |
[INFO] [stdout] 153 |     let mut resp = client.get(url.as_str())
[INFO] [stdout]     |                               ^^^^^^^^^^^^ expected struct `Uri`, found `&str`
[INFO] [stdout] 
[INFO] [stdout] 
[INFO] [stdout] error[E0599]: no method named `header` found for struct `hyper::client::ResponseFuture` in the current scope
[INFO] [stdout]    --> src/parsers.rs:154:27
[INFO] [stdout]     |
[INFO] [stdout] 154 |                          .header(UserAgent("rust-hyper".to_string()))
[INFO] [stdout]     |                           ^^^^^^ method not found in `hyper::client::ResponseFuture`
[INFO] [stdout] 
[INFO] [stdout] 
[INFO] [stdout] warning: unused import: `std::io::prelude`
[INFO] [stdout]  --> src/parsers.rs:4:5
[INFO] [stdout]   |
[INFO] [stdout] 4 | use std::io::prelude::*;
[INFO] [stdout]   |     ^^^^^^^^^^^^^^^^
[INFO] [stdout] 
[INFO] [stdout] 
[INFO] [stdout] error: aborting due to 11 previous errors; 5 warnings emitted
[INFO] [stdout] 
[INFO] [stdout] 
[INFO] [stdout] Some errors have detailed explanations: E0308, E0425, E0432, E0599.
[INFO] [stdout] 
[INFO] [stdout] For more information about an error, try `rustc --explain E0308`.
[INFO] [stdout] 
[INFO] [stderr] error: could not compile `github_analytics`.
[INFO] [stderr] 
[INFO] [stderr] To learn more, run the command again with --verbose.
[INFO] [stderr] warning: build failed, waiting for other jobs to finish...
[INFO] [stdout] error[E0308]: mismatched types
[INFO] [stdout]   --> src/parsers.rs:19:31
[INFO] [stdout]    |
[INFO] [stdout] 19 |     let mut resp = client.get(languages_url.as_str())
[INFO] [stdout]    |                               ^^^^^^^^^^^^^^^^^^^^^^ expected struct `Uri`, found `&str`
[INFO] [stdout] 
[INFO] [stdout] 
[INFO] [stdout] error[E0599]: no method named `header` found for struct `hyper::client::ResponseFuture` in the current scope
[INFO] [stdout]   --> src/parsers.rs:20:27
[INFO] [stdout]    |
[INFO] [stdout] 20 |                          .header(UserAgent("rust-hyper".to_string()))
[INFO] [stdout]    |                           ^^^^^^ method not found in `hyper::client::ResponseFuture`
[INFO] [stdout] 
[INFO] [stdout] 
[INFO] [stdout] error[E0599]: no method named `header` found for struct `hyper::client::ResponseFuture` in the current scope
[INFO] [stdout]    --> src/parsers.rs:129:31
[INFO] [stdout]     |
[INFO] [stdout] 129 | ...                   .header(UserAgent("rust-hyper".to_string()))
[INFO] [stdout]     |                        ^^^^^^ method not found in `hyper::client::ResponseFuture`
[INFO] [stdout] 
[INFO] [stdout] 
[INFO] [stdout] error[E0308]: mismatched types
[INFO] [stdout]    --> src/parsers.rs:153:31
[INFO] [stdout]     |
[INFO] [stdout] 153 |     let mut resp = client.get(url.as_str())
[INFO] [stdout]     |                               ^^^^^^^^^^^^ expected struct `Uri`, found `&str`
[INFO] [stdout] 
[INFO] [stdout] 
[INFO] [stdout] error[E0599]: no method named `header` found for struct `hyper::client::ResponseFuture` in the current scope
[INFO] [stdout]    --> src/parsers.rs:154:27
[INFO] [stdout]     |
[INFO] [stdout] 154 |                          .header(UserAgent("rust-hyper".to_string()))
[INFO] [stdout]     |                           ^^^^^^ method not found in `hyper::client::ResponseFuture`
[INFO] [stdout] 
[INFO] [stdout] 
[INFO] [stdout] warning: unused import: `std::io::prelude`
[INFO] [stdout]  --> src/parsers.rs:4:5
[INFO] [stdout]   |
[INFO] [stdout] 4 | use std::io::prelude::*;
[INFO] [stdout]   |     ^^^^^^^^^^^^^^^^
[INFO] [stdout] 
[INFO] [stdout] 
[INFO] [stdout] error: aborting due to 11 previous errors; 5 warnings emitted
[INFO] [stdout] 
[INFO] [stdout] 
[INFO] [stdout] Some errors have detailed explanations: E0308, E0425, E0432, E0599.
[INFO] [stdout] 
[INFO] [stdout] For more information about an error, try `rustc --explain E0308`.
[INFO] [stdout] 
[INFO] [stderr] error: build failed
[INFO] running `Command { std: "docker" "inspect" "d327f8a78be123c252cbdbfe8ffd0aa172d8a11846632fffcc34ff99dc942fef", kill_on_drop: false }`
[INFO] running `Command { std: "docker" "rm" "-f" "d327f8a78be123c252cbdbfe8ffd0aa172d8a11846632fffcc34ff99dc942fef", kill_on_drop: false }`
[INFO] [stdout] d327f8a78be123c252cbdbfe8ffd0aa172d8a11846632fffcc34ff99dc942fef
